ctor of 7 and f.
7
Let f(d) = -2*d**2 - d + 12. Let y be f(0). What is the greatest common factor of y and 12?
12
Let o be 1 - 2 - (3*-34)/3. Suppose -g - z + 5 = 0, g + 2*z - 3 = 4. Calculate the highest common factor of o and g.
3
Let j be (-2)/(1 - (-171)/(-165)). Suppose 4*l = -l + j. Calculate the greatest common divisor of l and 77.
11
Suppose 0 = -4*m + 16, 1 + 8 = 5*z - 4*m. Suppose 44 = z*g - g. Calculate the highest common factor of g and 1.
1
Let b = -16 + 101. What is the greatest common divisor of b and 17?
17
Let i be (-22)/(-2)*(1 - 2). Let h = i + 72. Let n = -16 + h. Calculate the highest common divisor of 5 and n.
5
Suppose 21*d = 19*d + 42. What is the highest common divisor of d and 28?
7
Let v(h) = -h**2 - 8*h + 50. Let m be v(-12). Let q be 2/(2/3) + 0. Calculate the highest common divisor of q and m.
1
Suppose 0 = f + 5, 0 = 5*x + f + 3*f. Let s be 0 - (3 - (-19)/(-1)). Calculate the highest common divisor of s and x.
4
Let c = -18 - -4. Let j be 8/(-4 - 60/c). Calculate the greatest common factor of 7 and j.
7
Suppose -u = 5*o - 32, 4*o = u - 0*o - 14. What is the greatest common divisor of 132 and u?
22
Suppose 5*y = -0*y + 20. Suppose 0 = -4*j - 46 + 150. Let c be j + y/2*1. What is the highest common divisor of c and 4?
4
Let u = 2 - -10. Let t be 838/10 + (-4)/(-20). Calculate the highest common factor of u and t.
12
Let q = 1 - -2. Suppose -2*t + 2*f = 8, -q*t - f - 10 + 2 = 0. Let j be 1*(t + 20/2). What is the greatest common factor of 7 and j?
7
Let z = 1 + 1. Suppose -5 = -z*x - a, 4*x - 3*a = 29 - 4. Let w(l) = -l**3 - 5*l**2 + 6*l + 4. Let p be w(-6). What is the highest common factor of x and p?
4
Let b = -3 - -87. What is the greatest common factor of 28 and b?
28
Suppose 3*u - 4*u = -138. Let y = 208 - u. Suppose 2*t + 0*t - y = 0. Calculate the greatest common divisor of t and 14.
7
Let a(f) = 19*f - 7. Suppose 5*m - m + 5*p = 20, 3*p + 10 = 2*m. Let w be a(m). What is the greatest common factor of w and 22?
22
Let v be (1 - (-6)/(-10))*5. Suppose -f - 10 = -6*r + 2*r, 0 = -5*f - v*r - 6. Let s be (f/5)/(1/(-90)). Calculate the greatest common factor of 9 and s.
9
Suppose 4*h = -a + 17, 2*h - 67 = -5*a - 0*h. What is the highest common factor of 104 and a?
13
Suppose -2*k + k = -2*w + 63, -3*k + 111 = 4*w. What is the greatest common divisor of w and 20?
10
Let x(v) = v**2 - 4*v - 5. Let r be x(5). Suppose m = -r*m + 4. Let d be (1/2)/(m/48). Calculate the highest common divisor of 60 and d.
6
Let n(q) = 7*q**2. Let o be n(4). Let k(f) = 3*f + 1. Let l be k(5). Calculate the highest common divisor of o and l.
16
Suppose 2*z + j = -0*z + 20, 0 = 2*z + 4*j - 32. Suppose 0 = 4*v + 3*h - 140, -5*v + 4*h = -97 - 47. What is the greatest common factor of z and v?
8
Suppose 2*h - 73 = -1. What is the greatest common divisor of 9 and h?
9
Let c(i) = -2*i + 7. Let g be c(8). Let d = g + 13. Calculate the highest common factor of 28 and d.
4
Suppose 6*x - 29 = -t + 2*x, 2*x = -5*t + 55. What is the highest common divisor of t and 27?
9
Let k be ((-4)/(-8))/((-1)/(-6)). Suppose 4*t + k + 1 = 0, z + 3*t = 18. Calculate the highest common divisor of z and 189.
21
Let k(p) = 19*p**2 - 5*p - 16. Let s be k(-4). Calculate the greatest common factor of s and 28.
28
Suppose 4*y + y = 55. Calculate the highest common factor of 99 and y.
11
Let q = 140 - 8. Calculate the highest common factor of 88 and q.
44
Let u(w) = w**2 + w - 2. Let y be u(-2). Let q(t) = -t**2 + 4. Let v be q(y). Suppose -v*o = -13 - 59. Calculate the highest common factor of o and 9.
9
Let c(t) = t**3 + 9*t**2 - 26*t - 24. Let l be c(-11). What is the greatest common divisor of l and 5?
5
Suppose -p = -3*l - 32, 4*p = 7*p - 5*l - 84. What is the highest common factor of 161 and p?
23
Let q(t) = t**2 - t. Let w be q(-1). Let n(g) = -5*g + 4 + 2*g + w*g. Let v be n(-6). What is the highest common divisor of v and 90?
10
Let f be 3*3/1 - 0. Let o(t) = -4*t**2 - 36*t - 29. Let g be o(-8). What is the highest common divisor of f and g?
3
Let g(b) = 4 + b**2 + 7*b + 6 + 0. Let a be g(-7). Calculate the greatest common divisor of 25 and a.
5
Let y(k) = -5*k - 1. Suppose -4*g + 5*s = 2, -3 - 3 = -4*g + s. Suppose g*j = -3 - 3. Let n be y(j). Calculate the highest common factor of 35 and n.
7
Suppose -5*j - 6*u + u = -140, 3*j - u = 100. Let h be (-39)/(-4)*j/6. Calculate the highest common divisor of h and 26.
26
Suppose -7*g = -g - 72. Let r = -2 + g. What is the greatest common factor of r and 30?
10
Let l = -28 + 84. Calculate the highest common divisor of l and 14.
14
Suppose -8*y + 25 = -311. What is the highest common factor of y and 14?
14
Suppose 35 = 2*w + 11. Let v be ((-4)/10)/((-3)/15). Suppose -5*b + 4*n = -154, 0*n + 2 = -v*n. Calculate the greatest common divisor of w and b.
6
Suppose -3*g = 5*d - 65, -2*g + 115 = g - 5*d. What is the highest common divisor of 330 and g?
30
Let l be 46/(-10) - (-2)/(-5). Let y be ((-6)/l)/((-15)/(-75)). What is the highest common divisor of 2 and y?
2
Let q be 90/20 + (-2)/4. Suppose -q*o + 79 = 27. What is the greatest common divisor of 65 and o?
13
Suppose -k = -3*y - 11, -3*y + 8 + 1 = 0. Calculate the highest common divisor of 4 and k.
4
Let o(d) = 2*d**2 - d + 1. Let f be o(1). Let m be 31/f + (-4)/(-8). Suppose -m + 46 = 5*t. Calculate the greatest common factor of t and 24.
6
Let l(t) = t**3 - 9*t**2 + 15*t + 14. Let v be l(10). Calculate the greatest common factor of 33 and v.
33
Suppose -66 = -94*b + 92*b. What is the greatest common divisor of 231 and b?
33
Let l(z) = 5*z**3 + 3*z**2 - z - 2. Let t be l(2). Suppose -30 = -v - 18. What is the greatest common divisor of t and v?
12
Let f(h) = -2*h - 56. Let g be f(-34). What is the greatest common factor of g and 6?
6
Suppose -5*d - 2*a = -28, a + 1 = 4*d - 24. Calculate the highest common divisor of d and 6.
6
Let c = 1 + 4. Suppose -5*f + 5*b = 15, c*f = b + 3 - 6. Let m be f + 18*-1*-1. What is the highest common factor of m and 45?
9
Suppose -9 - 11 = -4*n. Suppose 0 = k + 3*k + n*s - 127, 101 = 3*k - 2*s. Calculate the greatest common divisor of k and 3.
3
Suppose -48*m = -42*m - 60. Let n(y) = y**3 - y**2 + y + 4. Let t be n(3). What is the greatest common factor of t and m?
5
Let x(n) = n - 11. Let k be x(15). Suppose 0 = 2*j + 2*o - 22, -5*o = -j + k*j - 27. Calculate the greatest common factor of j and 28.
14
Let w = 1 - -2. What is the greatest common factor of 9 and w?
3
Suppose 10*n + 15*n = 275. What is the greatest common factor of n and 121?
11
Let z be (4 + -7)/(1 + -2). Suppose 4*b + 2*g - 138 = 42, -2*g + 135 = z*b. Calculate the highest common divisor of 15 and b.
15
Suppose -2*l = l - 6, 26 = 2*i - 2*l. Let z be (-16)/(-6)*9/4. Calculate the greatest common factor of z and i.
3
Suppose 2*a + 3*d = 8*d - 52, -5*a - d = 76. Let g = 25 + a. What is the highest common factor of 72 and g?
9
Suppose -2*j + 9 = -j - r, r + 19 = 3*j. Suppose -4*x = 0, -j*u + 4*x + 8 = -2. Suppose 3*f - 75 = u*f. Calculate the greatest common divisor of f and 15.
15
Suppose 4*u - 3*l = 1373, u - 239 = 2*l + 103. Let y = -124 + u. Let i(m) = 3*m + 2. Let w be i(6). Calculate the greatest common factor of y and w.
20
Let o(t) = t**3 - 9*t**2 - 5*t + 8. Let n be o(10). Suppose -p - 80 = -4*d, 2*d - 3*p = 2*p + n. Calculate the highest common divisor of d and 209.
19
Let d be 2/(-3) + 2/3. Let x(m) = -9 + 6 + 13 - m. Let k be x(d). What is the greatest common divisor of k and 40?
10
Suppose -2*t = -7*t - 5. Let w be (-4)/((t - 3) + 3). Calculate the greatest common divisor of w and 8.
4
Let b(d) = -5*d - 41. Let h be b(-9). Calculate the highest common divisor of h and 6.
2
Let q be (164/(-6))/(-2) + (-7)/(-21). Calculate the highest common divisor of q and 42.
14
Suppose -d + 4*d = 48. What is the highest common factor of 24 and d?
8
Let k(b) = 18*b + 2. Let t(z) = z**2 + 6*z - 3*z**2 - z**2 - 3 + 2*z**2. Let a be t(3). Let v be k(a). What is the greatest common divisor of v and 10?
10
Suppose -5*c + 2*z - 5 = 24, 5*z = -5*c - 15. Let f be 251/4 + c/(-20). Suppose -36 = -3*r - r. Calculate the greatest common divisor of r and f.
9
Let j = 3 + -3. Suppose 8 - 1 = c + 4*r, j = 4*r. Suppose -3*z = -4*z + c. What is the greatest common factor of z and 56?
7
Let 